 be (-4)/1 - (-36 + 4)/i. Let g = 11 + -7. Calculate the highest common divisor of g and m.
4
Let z be -3*6/9 + -1. Let t be 2*4*(-1)/6*z. Calculate the highest common divisor of t and 3.
1
Suppose -6803 = -56*a + 18061. What is the greatest common factor of 2146 and a?
74
Let p = 575 - 396. Suppose r - 3*t = -2*r + 567, r + t - p = 0. Calculate the greatest common divisor of r and 138.
46
Let y = -3917 + 4007. Calculate the highest common divisor of y and 11520.
90
Let x = -112 - -107. Let y be (x - -21) + 6 + -5. What is the highest common divisor of y and 187?
17
Let z = -13 - -65. Let k be (-4)/1 - (752 + 12). Let v be ((k/(-36))/(-16))/(4/(-78)). Calculate the highest common factor of z and v.
26
Suppose -4*f - 5*l = -23, 4 = 2*f - 3*f + 2*l. Let p be (-11 + 4 - -7) + -3 + 53. What is the highest common divisor of f and p?
2
Suppose 185*w - 290560 = -104*w + 62*w. What is the greatest common factor of 5 and w?
5
Let v = 12332 - 12060. Calculate the highest common divisor of 2006 and v.
34
Let c(u) = -u**2 + 4*u. Let l be c(0). Let h(a) = -24*a + 45. Let s be h(l). Calculate the greatest common factor of s and 81.
9
Let p(z) = -z**3 + 13*z**2 + z - 7. Let a be p(13). Let w be 20/a*9/6. Suppose w*q = 4*q + 14. What is the greatest common factor of 14 and q?
14
Let n(f) = -2*f**3 + 121*f**2 + 93*f - 560. Let z be n(61). What is the greatest common factor of z and 609?
87
Suppose 9 = -4*y + 29. Suppose -y*i = -678 + 78. Let f be (-3 - ((-48)/(-18) - 4))*(-12 - 6). Calculate the highest common factor of f and i.
30
Let n = 29 - 28. Suppose 5*g + 4 = -n, -u + 4*g + 10 = 0. Suppose -36 = -u*o + 4*o. Calculate the greatest common factor of o and 6.
6
Let o = -126 + 129. Suppose f = -o*q + 1155, 0 = -2*q - 3*q - f + 1923. Calculate the highest common factor of 12 and q.
12
Let y be 2/(-2 - (-121)/60). Let s = -170799 + 171099. What is the highest common factor of s and y?
60
Let y = 34 + -26. Let c be (-36)/((-2)/12*y). Suppose 0 = 5*k - 2*k - 27. Calculate the greatest common factor of k and c.
9
Let a = -540 + 681. Let r = -151 - -198. Calculate the greatest common factor of r and a.
47
Let g be -3 - ((-48)/84 + (3228/(-14))/6). Calculate the highest common factor of 1557 and g.
9
Let r = 14 - -1. Suppose 4*k - 156 = -z + 31, -587 = -3*z + k. What is the highest common divisor of z and r?
15
Suppose 0 = -5*v + n - 369, 0 = 5*v - 7*v - 4*n - 130. Let f = v + 93. Calculate the greatest common divisor of 340 and f.
20
Let b = -31 + 479. Let j = b - 440. Calculate the highest common divisor of 10 and j.
2
Let f be (20/12 + -2)*-9. Suppose 2*i - 3*z - 45 = 0, 2*i + 0 = -f*z + 39. Suppose 2*k - i = -k. Calculate the greatest common divisor of k and 70.
7
Suppose 0 = 54*v - 57*v - 4*x + 70, -3*x = -7*v + 77. Calculate the greatest common divisor of 3199 and v.
7
Suppose 0 = -2*y + 5*p + 825, -y - 2*y = -5*p - 1250. Let j(w) = 28*w**2 + 7*w + 4. Let h be j(-1). Calculate the greatest common divisor of y and h.
25
Suppose -4044 = -5*r - 709. Let n(g) = g**3 + 64*g**2 - 113*g + 1283. Let k be n(-66). What is the highest common factor of k and r?
29
Suppose 43 = 5*j + 3*n, 4*n + 65 = 8*j + 5*n. Calculate the highest common factor of j and 98.
2
Suppose -244*a + 239*a + 620 = 0. Calculate the highest common divisor of 527 and a.
31
Let h be (-2 - 80/(-28)) + 1212/7*1. Let s(q) = -8*q - 6. Let j be s(-8). What is the highest common factor of h and j?
58
Suppose 15*r - 9*r = 48. Suppose -4*d - 3*k + 42 = 0, -2*d - r*k = -6*k - 20. What is the highest common factor of d and 156?
12
Let a be (4*(-3)/(-24))/(2/2104). Suppose 17*y - a + 84 = 0. Calculate the greatest common divisor of 78 and y.
26
Let s(u) = -3*u + 5. Let b = 63 + -64. Let p be s(b). Suppose -21 = -p*r + 3. Calculate the highest common divisor of 6 and r.
3
Let m(p) = 3*p - 35. Let b be m(9). Let x be (2310/b)/(-11)*(7 - -1). Calculate the greatest common factor of x and 14.
14
Let f = 19690 + -19679. Suppose -2*v + 257 + 29 = 0. What is the highest common divisor of v and f?
11
Let v be (-1 + 1 + 0)/(-1). Suppose v = y - 3*j - 36, 2*y = 6*j - 3*j + 72. Calculate the highest common divisor of 54 and y.
18
Suppose -31*v = -v - 660. Let l be 2 + -4 - (12 - v). Let d(i) = 23*i**2 + 1. Let y be d(1). What is the highest common divisor of y and l?
8
Suppose s - 4 = -4*f, 49 + 5 = 4*s - 3*f. Let j be (12/14 + 2/14)*15. Calculate the greatest common factor of s and j.
3
Suppose 0 = 9*l + 950 + 130. Let j = l - -264. Suppose 2*r - 51 = -3*c, -4*r + 0*c + 4*c + 52 = 0. What is the highest common divisor of j and r?
18
Suppose -17*j + 251 - 47 = 0. Let m be ((-32)/j)/(20/(-30)). Suppose -2*o + 64 = -0*o. What is the highest common divisor of o and m?
4
Let u(f) = f**2 + 2*f + 1. Let n be u(7). Let v be (-827 - -849) + 87*6. Calculate the highest common factor of v and n.
32
Let x = -10117 + 10162. Calculate the highest common divisor of x and 5625.
45
Let n = 6003 + -4488. What is the greatest common divisor of 45 and n?
15
Suppose -17*b = 15*b - 21*b - 44. What is the greatest common divisor of 1024 and b?
4
Suppose 48*q - 8 = 44*q. Let o be ((-8)/(-16) + q/(-4))/(-3). Suppose -m + b + 3 = o, 2*m = -0*b + 4*b. What is the greatest common factor of 42 and m?
6
Let j be 4/(-28) + 110/(-14). Let x be (-150)/4*(j/6 + -2). Suppose -d + x = d + 5*y, 4*d + 5*y = 225. Calculate the highest common divisor of d and 75.
25
Let i be (-4)/(-8) - (-21)/14. Suppose i*j = 11*j - 495. Calculate the greatest common factor of 10 and j.
5
Suppose -55*l + 21 = -58*l, -4*w = 3*l - 39. Let s(y) = -y**3 - 8*y**2 - 8*y + 2. Let m be s(-7). Calculate the highest common factor of m and w.
3
Let a be 18 + (-16)/(-4)*-1. Suppose -3*f = -4*f + a. Suppose -7*d + 4*t + 364 = -5*d, -2*d - 3*t = -364. What is the greatest common factor of f and d?
14
Suppose 1848*h = 1851*h + 199 - 766. Calculate the highest common divisor of 931 and h.
7
Suppose 2*p - 3*i = 175, 12 = 5*i + 37. Suppose -11 = g - 41. Let r = g + -20. Calculate the greatest common factor of p and r.
10
Let j(z) = -731*z**3 + 2*z + 1. Suppose b + 3*i = -3*b - 1, 2*b = -3*i + 1. Let q be j(b). Calculate the highest common factor of 20 and q.
10
Let g be 60/(-4)*80/(-15). Let v = 490 + -488. Let x be v/((-155)/g - -2). What is the highest common divisor of x and 12?
4
Let p be (-14)/35 + (-1)/(5/(-12)). Suppose 18 = 4*g - p*j + 4, 0 = -3*g - 2*j + 21. What is the greatest common factor of 35 and g?
5
Let z(c) = 52*c - 88. Let y be z(5). Let s = -88 + y. Calculate the greatest common factor of s and 36.
12
Let n(y) = -346*y - 5073. Let o be n(-15). What is the greatest common divisor of 3393 and o?
117
Let d = -1529 + 1032. Let g = -231 - d. Suppose 3*y = 2*o - 40, 2*o + o - 3*y = 54. Calculate the highest common divisor of g and o.
14
Let p(s) = -2*s**2 + 6*s + 49. Let g be p(-4). Let x(b) = -3*b**3 - 26*b**2 - 41*b - 3. Let q be x(g). Calculate the greatest common factor of 52 and q.
13
Let k(d) = 11*d - 222. Let x be k(43). Let j = x + -215. Let t(c) = -c**3 + 9*c**2 - c - 1. Let u be t(7). Calculate the greatest common factor of u and j.
18
Let s be 62745/356 + 5/(-40)*2. What is the highest common factor of s and 19976?
88
Let k(s) = 957*s**3 - s**2 + 5*s - 4. Suppose 4*p - 88*u + 4 = -90*u, -p = 2*u + 7. Let q be k(p). What is the highest common divisor of q and 29?
29
Let x(s) = 13*s + 24. Let u be x(13). Let q = u + -152. Calculate the greatest common divisor of q and 328.
41
Let z be ((-106)/2)/(53/(-53)). Suppose -3*i + 167 = z. Calculate the greatest common divisor of i and 152.
38
Let l = 460 - 635. Let o = l - -470. What is the greatest common factor of o and 59?
59
Let m(y) be the third derivative of 187*y**4/24 + 125*y**3/6 + 25*y**2 - 4*y. Let n be m(4). Calculate the greatest common divisor of 97 and n.
97
Let a be (1 + 2 + -1)*1037/122. Let t be a/(17/10)*6. Calculate the highest common factor of 48 and t.
12
Let d be (-1036719)/(-405) + (-2)/(-10). Calculate the greatest common factor of d and 40.
40
Let h = 687 - 235. Suppose 0 = 8*f - 484 - h. Calculate the highest common divisor of f and 195.
39
Let r = 228 - 224. Suppose -56 = -r*i - 4*f, f - 32 = -2*i - i. Calculate the greatest common divisor of 99 and i.
9
Suppose 0 = -4*t + 4*a + 31 - 7, 13 = 3*t